ase 6, what is 3 + -3213441?
-3213434
In base 2, what is 110100101011 - 10010000?
110010011011
In base 14, what is ca + 574?
660
In base 4, what is 20100030 - 11?
20100013
In base 8, what is -17 + 520311?
520272
In base 12, what is -ab + a79?
98a
In base 13, what is -452 - -82?
-3a0
In base 14, what is 84 + -42a?
-386
In base 2, what is 100011100 - -1000001?
101011101
In base 16, what is 9 - -d6a5?
d6ae
In base 9, what is 544 - -342?
886
In base 3, what is -10 - 1010111012?
-1010111022
In base 6, what is -10545 - 3502?
-14451
In base 11, what is -3 + -14416?
-14419
In base 6, what is -50 - -1033404?
1033314
In base 2, what is 100110101 + -100011110101?
-11111000000
In base 3, what is 11 - 1110201112210?
-1110201112122
In base 13, what is 9 - 4551?
-4545
In base 6, what is 23 - 1412053?
-1412030
In base 3, what is 120002 - 11012022?
-10122020
In base 15, what is -c33 + -19?
-c4c
In base 10, what is 107 - -1576?
1683
In base 3, what is 0 - 1120012021110?
-1120012021110
In base 8, what is -3074 + -3322?
-6416
In base 4, what is -3310200 - 32?
-3310232
In base 4, what is 12 + -232220?
-232202
In base 9, what is -5 - 44141?
-44146
In base 2, what is 1000110011 - 1000011000?
11011
In base 10, what is 836 + -7?
829
In base 3, what is -1 - -11100002?
11100001
In base 4, what is -2011013 + -10?
-2011023
In base 4, what is 201002 + -100?
200302
In base 13, what is -1c3 + -182?
-375
In base 8, what is 56031 - -1?
56032
In base 4, what is 11 + -2012123?
-2012112
In base 13, what is -1c84 - 2?
-1c86
In base 11, what is 246841 + 2?
246843
In base 13, what is -156a + -25?
-1592
In base 8, what is -6 - -15107?
15101
In base 7, what is -11 + 6361661?
6361650
In base 5, what is -1002141 + -3?
-1002144
In base 8, what is 3 - 662616?
-662613
In base 7, what is -5154 - -42?
-5112
In base 7, what is 15156 - 21?
15135
In base 7, what is -146 - -123?
-23
In base 3, what is -10111 + -10100222?
-10111110
In base 14, what is 43c009 + -5?
43c004
In base 10, what is -5 + 22170?
22165
In base 13, what is 5 + 6b527?
6b52c
In base 3, what is -100 + 10010210220?
10010210120
In base 13, what is 5 + -158777?
-158772
In base 8, what is 1 + -44473?
-44472
In base 15, what is -4 + 758?
754
In base 15, what is 4 - 157b4?
-157b0
In base 11, what is -150 - 896?
-a36
In base 5, what is 222434 - 133?
222301
In base 9, what is 16 + 151?
167
In base 3, what is 2020 - 20112?
-11022
In base 3, what is -111 + -1120101221?
-1120102102
In base 10, what is 156640 + 4?
156644
In base 4, what is 101 + 31023?
31130
In base 3, what is 112 - 1221122001?
-1221121112
In base 5, what is -1143242144 - 2?
-1143242201
In base 13, what is -714 + a0?
-644
In base 16, what is -4 - -4c04?
4c00
In base 11, what is -23950 + -8?
-23958
In base 4, what is 13211 + -1001?
12210
In base 12, what is -3 - -4846?
4843
In base 2, what is -1010111010100 - 101110111?
-1011101001011
In base 4, what is 1213303301 + 3?
1213303310
In base 3, what is 1202 - -11101122122?
11101201101
In base 5, what is -10 + 12243204?
12243144
In base 12, what is -10a - b6a3?
-b7b1
In base 10, what is -447 - 53?
-500
In base 10, what is 590 - 55?
535
In base 10, what is -5 - 5321?
-5326
In base 12, what is 2 - -34b44?
34b46
In base 12, what is -447 + 63?
-3a4
In base 15, what is -459966 - -4?
-459962
In base 11, what is 83a749 + 2?
83a750
In base 13, what is 55 - -aa0?
b25
In base 7, what is 204025 - 13?
204012
In base 2, what is -1100 - -1010110110101011?
1010110110011111
In base 3, what is 10211102122 - 2?
10211102120
In base 10, what is 5903 + -207?
5696
In base 11, what is -4a1a - -7?
-4a13
In base 8, what is 2 - 24411?
-24407
In base 6, what is -4511 + -130?
-5041
In base 16, what is 9b38 + -2?
9b36
In base 6, what is 3 - 215?
-212
In base 4, what is 1030132223 - 1?
1030132222
In base 8, what is -172 - 53701?
-54073
In base 15, what is -21c67 + a?
-21c5c
In base 15, what is -36 + -1b2?
-1e8
In base 14, what is 1d - 20848?
-20829
In base 5, what is 200002 - 2?
200000
In base 13, what is 804 - -5b?
862
In base 2, what is 11 - 1110001111110111?
-1110001111110100
In base 4, what is 11110 + 21?
11131
In base 5, what is -304133 + -11?
-304144
In base 16, what is 60 + -128e?
-122e
In base 5, what is 3303303 - -4?
3303312
In base 16, what is 27b4 + c?
27c0
In base 4, what is 230223 - -11?
230300
In base 5, what is -1021012 - 4?
-1021021
In base 14, what is -c98 + d?
-c89
In base 16, what is 7756 - 1?
7755
In base 4, what is 1 + 2111310?
2111311
In base 12, what is 18 - -31ba2?
31bba
In base 2, what is 101 - -111000100011001011?
111000100011010000
In base 13, what is 3789b - -5?
378a3
In base 8, what is 337 + 524?
1063
In base 12, what is 5 + 105913?
105918
In base 14, what is 14 + 13bd?
13d3
In base 5, what is 121331240 + 4?
121331244
In base 2, what is 11001001011010010110 - 0?
11001001011010010110
In base 7, what is -22025000 + -4?
-22025004
In base 15, what is -61 + 105a?
ee9
In base 7, what is 20210 + -33?
20144
In base 5, what is -241 - -2021400?
2021104
In base 10, what is -69 - 2713?
-2782
In base 15, what is -1b + 570?
554
In base 5, what is -14231 - -343?
-13333
In base 3, what is 2 - -12020020?
12020022
In base 5, what is -321 + 301?
-20
In base 12, what is 3a351 + -4?
3a349
In base 12, what is 12 - 2823a?
-28228
In base 14, what is -1 + 14876?
14875
In base 4, what is 10132 - -120?
10312
In base 5, what is -10 - -232223?
232213
In base 14, what is 1bc3 - 2?
1bc1
In base 3, what is 212111 - -1011002?
2000120
In base 8, what is -23364 - -25?
-23337
In base 16, what is 2 - 41de?
-41dc
In base 6, what is 203 - 303144?
-302541
In base 9, what is -1578728 - -1?
-1578727
In base 9, what is -661452 - 12?
-661464
In base 9, what is 1 - 8778?
-8777
In base 15, what is -28 - 1ce37?
-1ce60
In base 5, what is -4 + 442003?
441444
In base 8, what is 107514 + -2?
107512
In base 12, what is 476b + -217?
4554
In base 5, what is -1302124 - 4?
-1302133
In base 13, what is -1 - -22338?
22337
In base 13, what is -17 + -825?
-83c
In base 10, what is 118363 - -4?
118367
In base 15, what is -27 - 730?
-757
In base 16, what is -15be25 - -1?
-15be24
In base 5, what is -20121 - -2?
-20114
In base 8, what is -14 - -64726?
64712
In base 13, what is 421a + b5?
4302
In base 6, what is 232534 - 23?
232511
In base 13, what is 30 - 3a0?
-370
In base 10, what is -8974 - 238?
-9212
In base 12, what is -302 + 5b5?
2b3
In base 13, what is -c65 + -bc0?
-1b55
In base 9, what is -28677 - 31?
-28718
In base 13, what is -37b3 + -a?
-37c0
In base 8, what is -5 + -622635?
-622642
In base 9, what is 5025 + 165?
5201
In base 16, what is -f6 - -dec?
cf6
In base 4, what is -1300 - 2221?
-10121
In base 16, what is -29c - -2be?
22
In base 14, what is a23 + -1b4?
84d
In base 14, what is -52 + -d69?
-dbb
In base 9, what is 81367 - -1?
81368
In base 10, what is -4 - 49466?
-49470
In base 6, what is -21 + -210343?
-210404
In base 9, what is -5364 - 174?
-5548
In base 6, what is 4 - 1213445?
-1213441
In base 3, what is -2 + 20012002?
20012000
In base 13, what is -574 - 304?
-878
In base 6, what is 5 + -2542?
-2533
In base 14, what is -c45d + -4?
-c463
In base 9, what is 7644 - -2?
7646
In base 6, what is -304355 + -1?
-304400
In base 3, what is -2022212 - -100?
-2022112
In base 9, what is 1617146 + 0?
1617146
In base 2, what is 100100100000 - -111?
100100100111
In base 11, what is -2 + 1063?
1061
In base 6, what is -1 + 412?
411
In base 8, what is -1 - -75636?
75635
In base 4, what is -1313 + 13312?
11333
In base 7, what is 3 + 2225602?
2225605
In base 11, what is 194165 - 0?
194165
In base 13, what is -205 + -58b?
-793
In base 7, what is -1102 + -2454?
-3556
In base 3, what is 10 - -101210102?
101210112
In base 3, what is -12 + -20001011101?
-20001011120
In base 13, what is -1 - -1805?
1804
In base 2, what is -111 - 10000000100110?
-10000000101101
In base 6, what is 142 + -12422?
-12240
In base 2, what is 1100101 + -1110011000101?
-1110001100000
In base 4, what is -10 - -22023?
22013
In base 7, what is -11 - -1154?
1143
In base 6, what is 1 + 340020?
340021
In base 8, what is 226416 + 0?
226416
In base 16, what is 130b - 1a?
12f1
In base 11, what is 5 + -4545?
-4540
In base 15, what is -69 - -7e?
15
In base 2, what is 100 - 1000110011100?
-1000110011000
In base 6, what is 2 + -1332421?